actors of x?
19
Let v(h) = -5074*h - 5592. What are the prime factors of v(-16)?
2, 11, 859
Suppose 3*d - 5*d = 4*f - 46272, 0 = 4*f - 3*d - 46242. What are the prime factors of f?
3, 5, 257
Let b be 2 - (0 - 0)/1. Let z be b/(-3) + 1 + 181/(-3). Let h = 104 + z. What are the prime factors of h?
2, 11
Suppose -24340 = -4*u + 4*g, -g = 120*u - 119*u - 6087. List the prime factors of u.
2, 17, 179
Suppose 0 = 3*b + u - 1281, b + 4*u = 201 + 226. Let x = -3 + b. What are the prime factors of x?
2, 53
Suppose 0 = -70*m - 45*m + 2700660. What are the prime factors of m?
2, 3, 19, 103
Let l be ((-66)/18 - -3)*-84. Let k = l + 65. List the prime factors of k.
11
Let r = -3843 - -10396. Suppose 0 = 24*z - r - 1583. List the prime factors of z.
3, 113
Let c be -1704*(4 - 861/14). List the prime factors of (-4)/(-26) + c/260.
13, 29
Let f = -61 + 64. Let c be (-145)/(-25) - (f - 16/5). Suppose c*i - 120 = -s + 3*i, 0 = 4*s - 3*i - 525. What are the prime factors of s?
3, 43
What are the prime factors of 5 + (-206250)/(-22) + 21?
7, 17, 79
Let c = -569 + 575. List the prime factors of c/(-72)*-28*189.
3, 7
Let o = 53 - 48. Suppose 2*u = 2*r - 18, o*u + 13 = -4*r + 4. Let f(q) = q**2 + 3*q - 8. List the prime factors of f(u).
2
List the prime factors of 600542/170 + 8/(-5).
3, 11, 107
What are the prime factors of -1 + -8 - (-10635 - (9 + 10))?
5, 2129
Let t(q) = q. Let a(m) = -12*m - 62. Let o(v) = -a(v) + 3*t(v). List the prime factors of o(14).
2, 17
What are the prime factors of ((-14735)/1)/(-5)*24/28?
2, 3, 421
Let b = -214 - -219. Suppose -916 = -2*l - b*g, -5*g + 8 = -3*g. What are the prime factors of l?
2, 7
Let v(c) = -2*c**3 + 146*c**2 + 111*c + 85. What are the prime factors of v(73)?
2, 23, 89
Let o = -73 - -76. Suppose 6*b = -o + 27. What are the prime factors of (-1 - -351)*-6*b/(-48)?
5, 7
Suppose 0 = 5*n + 312*x - 313*x - 2686, -3*n + 1653 = 4*x. What are the prime factors of n?
7, 11
What are the prime factors of (-16)/(-56) + 11702/7 + 3?
5, 67
Let q be (832/(-12))/(((-21)/9)/7). Let u = 66 + q. List the prime factors of u.
2, 137
Let v be (-69)/2*((-30)/9)/5. Let w = v + -20. Suppose -282 = 5*r + a - 716, 4*r + w*a - 356 = 0. List the prime factors of r.
2, 43
Let c(u) = 13*u - 9. Let q be c(1). Suppose 4*d - 3*f = 0, -3*f = -d - q*d + 3. Suppose -2*o = 4*n - 168, 8*n = d*n + o + 210. What are the prime factors of n?
2, 3, 7
Suppose -3*u + 2*u = -6. Suppose 0 = -g + u*g - 10. Suppose -g*m - 3*m = f - 238, 4*m = 5*f + 202. List the prime factors of m.
2, 3
Let p be (-510)/(-4)*4/9*3. Suppose -2*x + p + 432 = 0. What are the prime factors of x?
7, 43
Suppose -5*c - 59 - 140 = -2*a, 4*a = 4*c + 392. Let g = a - -64. What are the prime factors of g?
7, 23
List the prime factors of ((-18258)/68)/(1/(-14)).
3, 7, 179
Suppose 2*i + 3*i - 2*m = -167, -3*m = i + 30. Let d be i/27*-3*39. Suppose -4*p + d = -257. List the prime factors of p.
2, 5
List the prime factors of (252/(-180) - 1)*(-16875)/2.
2, 3, 5
Let r = -4979 - -8026. List the prime factors of r.
11, 277
Suppose -9691792 - 3457953 = -244*x - 282405. List the prime factors of x.
5, 53, 199
Suppose 3*i - 2*t - 572 = 0, i + 104 - 290 = -4*t. What are the prime factors of 66/7*19/(i/420)?
2, 3, 11
Suppose 5*r = -5*a + 11565, 0 = 163*a - 160*a + 18. What are the prime factors of r?
3, 773
Let c = 475 + 103. Let y = -208 + c. Suppose 0 = -4*o + 126 + y. What are the prime factors of o?
2, 31
Let h(l) = l**3 + 19*l**2 + 4*l - 62. Let g be h(-12). Let c = g - -34. What are the prime factors of c?
2, 233
Suppose 3*w - 13 = -4*r + 19, -42 = -4*w - 5*r. Suppose 1996 = w*x + 92. What are the prime factors of x?
2, 7, 17
Let y(q) = 4*q - 21*q + 51*q**2 - 7 + 19*q. What are the prime factors of y(3)?
2, 229
What are the prime factors of 1110902/52*(10 + -8)?
42727
Suppose -v = -952*g + 956*g - 47581, -g + 11884 = -2*v. List the prime factors of g.
2, 19, 313
Let d = -4823 - -8327. What are the prime factors of d?
2, 3, 73
Let d(i) = -6*i**3 + 5*i**2 - 5*i - 9. Let b be d(5). Let g = b - -1100. What are the prime factors of g?
3, 7
Suppose -9*i - 16376 = -83111. What are the prime factors of i?
5, 1483
Let h = 7690 - 5053. What are the prime factors of h?
3, 293
Let h = -38693 + 54633. List the prime factors of h.
2, 5, 797
Let h(t) = 2*t**3 - 11*t**2 - 4*t + 6. Let m be h(6). Suppose -m*u = -16*u - 1716. What are the prime factors of u?
2, 3, 11, 13
Let v(k) = k**3 + 5*k**2 + 3*k - 4. Let y be v(-2). Suppose -y*p = 3*d - 1100, 3*p - 1180 - 468 = -4*d. Let j = -363 + p. What are the prime factors of j?
181
Let f(q) = -q**2 + 9*q - 14. Let r be (-1)/1 + 2 - (-33)/33. Suppose 5 = r*h - 7. List the prime factors of f(h).
2
Suppose -30*y = -282880 - 55396 - 68074. List the prime factors of y.
3, 5, 7, 43
Let t(u) = 2*u - 1. Let n be t(8). Let q(v) = v**3 - 12*v**2 - 19*v - 5. What are the prime factors of q(n)?
5, 7, 11
Let l be 24/(-3 + -3) + 6. Suppose 10 = -u + 3*u, l*p + 5*u - 765 = 0. List the prime factors of p.
2, 5, 37
Let w = 25725 + -15352. List the prime factors of w.
11, 23, 41
Suppose -5*c = -4*j - 10, -4*c + 6*j + 8 = 2*j. Suppose c*r + 1676 = 2*i, 5*i + 4192 = 10*i - 3*r. What are the prime factors of i?
839
Let u(i) = 14165*i**2 - 92*i + 171. What are the prime factors of u(2)?
37, 1531
Let f(y) = 11*y**2 - 48*y - 389. List the prime factors of f(-23).
2, 3, 11
Let u(d) be the second derivative of d**5/20 + 13*d**4/6 - d**3/3 + 18*d**2 + d. Let h = 3561 + -3587. List the prime factors of u(h).
2, 11
Let z be (-2)/(-4) - (-78)/4. Let x be 126/1575 + (-4)/50. Suppose -b + 48 - z = x. List the prime factors of b.
2, 7
Let o = 13211 + -2244. What are the prime factors of o?
11, 997
Suppose 3*j + j - 212 = 4*k, -179 = 3*k + 2*j. Let x = 65 + k. Suppose -343 = -x*i + 425. List the prime factors of i.
2, 3
Let z be (-3 - (-1468)/12) + (-8)/(-12). What are the prime factors of ((-19)/((-475)/(-170)))/((-2)/z)?
2, 3, 17
Suppose 3*s - l = 160527, -44210 = 2*s - l - 151226. List the prime factors of s.
3, 17837
Let h(a) = 15*a + 17. Let k(f) = f**3 + 7*f**2 - 13*f - 35. Suppose 10*d - 5*d = 5*x - 15, 5*d = 3*x - 25. Let o be k(d). List the prime factors of h(o).
2, 23
Suppose 0*h - 5*r = 5*h - 30, -2*r = 5*h - 36. Suppose -h*j - 2380 = -13*j. List the prime factors of j.
2, 7, 17
Suppose -5*m + 7 = 2. Let x be m/(-3) + 18/(-27). Let h(k) = -142*k + 3. What are the prime factors of h(x)?
5, 29
Suppose -2229 = -2*i - 3*d, -20 + 25 = -d. List the prime factors of i - (-56)/(8 + 0).
1129
List the prime factors of 2/4 - (6 + (-4803)/6).
3, 5, 53
Suppose 5*l - 7*x = -11*x + 82, -12 = -l - 3*x. Let b be (184/(-10))/((l/10)/(-9)). What are the prime factors of 15*(-2)/(2/b*-10)?
2, 3, 23
Suppose -k = 2*h + 1 - 2, 2*k - 2 = -h. Let c(i) = i**3 + i**2 - 30. Let p be c(h). Let y = p - -75. List the prime factors of y.
3, 5
Let y = 41 + 49. Let x = y - -63. Suppose -x = -2*d - 23. List the prime factors of d.
5, 13
Let m(c) = 5100*c + 313. List the prime factors of m(5).
83, 311
Let l = -2511 - -9426. What are the prime factors of l?
3, 5, 461
Let m = 86 + -85. Suppose -4*j - 1 = -j + 4*y, -3*y = 4*j - m. What are the prime factors of 4*j + (98 - 10)?
2, 23
What are the prime factors of 92445/17 - -2 - -4*4/272?
2, 5, 17
Let w = 95 - 89. Let h be ((-292)/6)/(52/w - 8). List the prime factors of ((-2)/6)/(8/24) - h.
2, 3
Suppose 3*f + f - 20 = 2*w, -4*f = -4*w - 28. Suppose 0 = 5*y - 0 + 5. List the prime factors of -12*(y*6 - w).
2, 3
Let l(r) = -5*r + 66. Suppose 5*w = -4*p - 23, -2*p - 5*w - 16 = -7*w. What are the prime factors of l(p)?
101
Let y = 14049 - 9497. What are the prime factors of y?
2, 569
Suppose -67 = -2*s - 23. Let t be ((-22)/(-7) - -1) + s/(-154). Let y(q) = 72*q + 7. What are the prime factors of y(t)?
5, 59
Let g = -39544 + 57943. What are the prime factors of g?
3, 6133
Let b be ((-213)/142)/((-6)/704). Let j = 386 + b. What are the prime factors of j?
2, 281
Let o = 11 + -7. Suppose o*r + 5*q - 30 = -r, 4*r - 24 = 2*q. Suppose 2*g = -5*w + 90, 0 = r*w - 3*w + 4*g - 54. What are the prime factors of w?
2, 3
Let d be 1 + ((-178)/(-6) - (-12)/9). Suppose 0 = -d*t + 5*t + 11664. What are the prime factors of t?
2, 3
Let d = -324 + 326. Let r = 6 + -1. Suppose -3*u + d = -1, -2*k + r*